 the hundreds digit of 23389?
3
What is the tens digit of 2903?
0
What is the tens digit of 1535?
3
What is the units digit of 20379?
9
What is the hundreds digit of 20350?
3
What is the hundreds digit of 409?
4
What is the hundreds digit of 315?
3
What is the thousands digit of 16261?
6
What is the thousands digit of 12787?
2
What is the thousands digit of 16271?
6
What is the units digit of 181?
1
What is the hundreds digit of 34319?
3
What is the units digit of 4523?
3
What is the units digit of 2315?
5
What is the thousands digit of 24231?
4
What is the ten thousands digit of 66553?
6
What is the hundreds digit of 45891?
8
What is the units digit of 3013?
3
What is the hundreds digit of 667?
6
What is the tens digit of 434?
3
What is the thousands digit of 8866?
8
What is the ten thousands digit of 31784?
3
What is the units digit of 1410?
0
What is the hundreds digit of 4188?
1
What is the thousands digit of 135547?
5
What is the tens digit of 145066?
6
What is the hundreds digit of 5762?
7
What is the tens digit of 85109?
0
What is the tens digit of 4978?
7
What is the hundreds digit of 1512?
5
What is the hundreds digit of 495?
4
What is the tens digit of 3714?
1
What is the units digit of 320?
0
What is the tens digit of 59545?
4
What is the hundreds digit of 17715?
7
What is the units digit of 20?
0
What is the hundreds digit of 8202?
2
What is the units digit of 6508?
8
What is the units digit of 20935?
5
What is the thousands digit of 30802?
0
What is the units digit of 1322?
2
What is the ten thousands digit of 20211?
2
What is the hundreds digit of 735?
7
What is the tens digit of 6936?
3
What is the hundreds digit of 5452?
4
What is the units digit of 2170?
0
What is the tens digit of 8284?
8
What is the tens digit of 194?
9
What is the tens digit of 7006?
0
What is the thousands digit of 1057?
1
What is the tens digit of 15636?
3
What is the ten thousands digit of 30401?
3
What is the tens digit of 2035?
3
What is the tens digit of 104153?
5
What is the ten thousands digit of 69984?
6
What is the hundreds digit of 3138?
1
What is the tens digit of 21113?
1
What is the hundreds digit of 222?
2
What is the thousands digit of 68541?
8
What is the hundreds digit of 8108?
1
What is the hundreds digit of 12552?
5
What is the tens digit of 18976?
7
What is the thousands digit of 5144?
5
What is the hundreds digit of 3997?
9
What is the hundreds digit of 3568?
5
What is the tens digit of 4748?
4
What is the units digit of 40713?
3
What is the hundreds digit of 23256?
2
What is the tens digit of 560?
6
What is the hundreds digit of 31997?
9
What is the tens digit of 7420?
2
What is the units digit of 2940?
0
What is the hundreds digit of 6390?
3
What is the hundreds digit of 2614?
6
What is the hundreds digit of 53156?
1
What is the ten thousands digit of 47322?
4
What is the tens digit of 8184?
8
What is the units digit of 5712?
2
What is the hundreds digit of 144837?
8
What is the tens digit of 580?
8
What is the tens digit of 1730?
3
What is the tens digit of 796?
9
What is the hundreds digit of 66277?
2
What is the tens digit of 1189?
8
What is the tens digit of 22244?
4
What is the tens digit of 5353?
5
What is the hundreds digit of 86578?
5
What is the tens digit of 17139?
3
What is the tens digit of 6901?
0
What is the units digit of 17833?
3
What is the hundreds digit of 1264?
2
What is the units digit of 7036?
6
What is the units digit of 2166?
6
What is the hundreds digit of 397?
3
What is the units digit of 182?
2
What is the hundreds digit of 22919?
9
What is the tens digit of 8814?
1
What is the units digit of 731?
1
What is the thousands digit of 50176?
0
What is the thousands digit of 52297?
2
What is the ten thousands digit of 13940?
1
What is the hundreds digit of 1585?
5
What is the tens digit of 14890?
9
What is the thousands digit of 2959?
2
What is the ten thousands digit of 66289?
6
What is the tens digit of 2790?
9
What is the tens digit of 19713?
1
What is the units digit of 1273?
3
What is the thousands digit of 11027?
1
What is the thousands digit of 186456?
6
What is the thousands digit of 3734?
3
What is the units digit of 5929?
9
What is the units digit of 11869?
9
What is the thousands digit of 33497?
3
What is the hundreds digit of 6998?
9
What is the units digit of 43780?
0
What is the units digit of 792?
2
What is the units digit of 941?
1
What is the units digit of 69?
9
What is the tens digit of 132?
3
What is the thousands digit of 26234?
6
What is the tens digit of 2225?
2
What is the units digit of 1757?
7
What is the units digit of 63?
3
What is the tens digit of 6124?
2
What is the thousands digit of 7929?
7
What is the ten thousands digit of 69637?
6
What is the tens digit of 1201?
0
What is the tens digit of 4403?
0
What is the hundreds digit of 1118?
1
What is the units digit of 17652?
2
What is the units digit of 1184?
4
What is the units digit of 10290?
0
What is the thousands digit of 59380?
9
What is the hundreds digit of 3041?
0
What is the units digit of 137734?
4
What is the units digit of 100726?
6
What is the hundreds digit of 1546?
5
What is the thousands digit of 158158?
8
What is the hundreds digit of 1058?
0
What is the tens digit of 246?
4
What is the thousands digit of 27820?
7
What is the hundreds digit of 69881?
8
What is the tens digit of 767?
6
What is the thousands digit of 43257?
3
What is the units digit of 10448?
8
What is the ten thousands digit of 33767?
3
What is the hundreds digit of 648?
6
What is the tens digit of 564?
6
What is the hundreds digit of 202?
2
What is the ten thousands digit of 10331?
1
What is the tens digit of 104212?
1
What is the tens digit of 3973?
7
What is the units digit of 1255?
5
What is the units digit of 5674?
4
What is the units digit of 4947?
7
What is the thousands digit of 6149?
6
What is the ten thousands digit of 35773?
3
What is the thousands digit of 2257?
2
What is the units digit of 22677?
7
What is the thousands digit of 22278?
2
What is the tens digit of 48940?
4
What is the hundreds digit of 13465?
4
What is the hundreds digit of 61397?
3
What is the units digit of 462?
2
What is the units digit of 45623?
3
What is the units digit of 2110?
0
What is the tens digit of 4544?
4
What is the hundreds digit of 213?
2
What is the tens digit of 9557?
5
What is the tens digit of 21613?
1
What is the units digit of 859?
9
What is the tens digit of 15568?
6
What is the tens digit of 7682?
8
What is the hundreds digit of 2381?
3
What is the units digit of 5210?
0
What is the hundreds digit of 285?
2
What is the hundreds digit of 4623?
6
What is the ten thousands digit of 13118?
1
What is the tens digit of 8518?
1
What is the tens digit of 2037?
3
What is the hundreds digit of 1858?
8
What is the hundreds digit of 4056?
0
What is the thousands digit of 27338?
7
What is the thousands digit of 1437?
1
What is the hundreds digit of 305?
3
What is the thousands digit of 13052?
3
What is the units digit of 3917?
7
What is the thousands digit of 17649?
7
What is the hundreds digit of 27054?
0
What is the hundreds digit of 53421?
4
What is the thousands digit of 39108?
9
What is the units digit of 182?
2
What is the tens digit of 10779?
7
What is the thousands digit of 9680?
9
What is the tens digit of 78007?
0
What is the tens digit of 376?
7
What is the tens digit of 500?
0
What is the units digit of 28?
8
What is the ten thousands digit of 11454?
1
What is the thousands digit of 3817?
3
What is the tens digit of 1246?
4
What is the ten thousands digit of 124788?
2
What is the thousands digit of 6652?
6
What is the ten thousands digit of 18836?
1
What is the thousands digit of 1144?
1
What is the hundreds digit of 1662?
6
What is the units digit of 12706?
6
What is the tens digit of 21?
2
What is the hundreds digit of 1539?
5
What is the hundreds digit of 2532?
5
What is the units digit of 1079?
9
What is the tens digit of 37162?
6
What is the units digit of 31215?
5
What is the tens digit of 1938?
3
What is the units digit of 897?
7
What is the units digit of 5281?
1
What is the units digit of 18234?
4
What is the tens digit of 5850?
5
What is the tens digit of 1707?
0
What is the tens digit of 6877?
7
What is the tens digit of 4398?
9
What